{"id":6,"date":"2026-05-14T09:37:40","date_gmt":"2026-05-14T09:37:40","guid":{"rendered":"https:\/\/mathdays.usm.md\/index.php\/mesmerize\/"},"modified":"2026-05-14T11:14:31","modified_gmt":"2026-05-14T11:14:31","slug":"mesmerize","status":"publish","type":"page","link":"https:\/\/mathdays.usm.md\/","title":{"rendered":"Front Page"},"content":{"rendered":"\t\t<div data-elementor-type=\"wp-page\" data-elementor-id=\"6\" class=\"elementor elementor-6\">\n\t\t\t\t<div class=\"elementor-element elementor-element-77775d8 e-flex e-con-boxed e-con e-parent\" data-id=\"77775d8\" data-element_type=\"container\" data-e-type=\"container\">\n\t\t\t\t\t<div class=\"e-con-inner\">\n\t\t\t\t<div class=\"elementor-element elementor-element-a9c825c elementor-widget elementor-widget-heading\" data-id=\"a9c825c\" data-element_type=\"widget\" data-e-type=\"widget\" data-widget_type=\"heading.default\">\n\t\t\t\t<div class=\"elementor-widget-container\">\n\t\t\t\t\t<h2 class=\"elementor-heading-title elementor-size-default\">PRIMA SCRISOARE INFORMATIV\u0102<\/h2>\t\t\t\t<\/div>\n\t\t\t\t<\/div>\n\t\t\t\t\t<\/div>\n\t\t\t\t<\/div>\n\t\t<div class=\"elementor-element elementor-element-5c3af0b e-flex e-con-boxed e-con e-parent\" data-id=\"5c3af0b\" data-element_type=\"container\" data-e-type=\"container\">\n\t\t\t\t\t<div class=\"e-con-inner\">\n\t\t\t\t<div class=\"elementor-element elementor-element-a1b4735 elementor-widget elementor-widget-heading\" data-id=\"a1b4735\" data-element_type=\"widget\" data-e-type=\"widget\" data-widget_type=\"heading.default\">\n\t\t\t\t<div class=\"elementor-widget-container\">\n\t\t\t\t\t<h2 class=\"elementor-heading-title elementor-size-default\">\n<img decoding=\"async\" src=\"https:\/\/mathdays.usm.md\/wp-content\/uploads\/2026\/05\/cropped-Logo-80-ani-USM_FMI.png\" style=\"float:right;width: 400px\" \/>\n\n\n<div style=\"text-align: justify\">\n<p>La 1 octombrie 2026, Universitatea de Stat din Moldova \u0219i Facultatea de Matematic\u0103 \u0219i Informatic\u0103 marcheaz\u0103 80 de ani de la fondare.<\/p>\n\n\n<p>\nCu acest prilej, Facultatea de Matematic\u0103 \u0219i Informatic\u0103 \u0219i Institutul de Matematic\u0103 \u0219i Informatic\u0103 \u201eV. Andrunachievici\u201d ale Universit\u0103\u021bii de Stat din Moldova organizeaz\u0103 evenimentul \u0219tiin\u021bific interna\u021bional \u201eZilele matematicii la Universitatea de Stat din Moldova\u201d, care va avea loc \u00een perioada 24\u201325 august 2026, la Chi\u0219in\u0103u, Republica Moldova.\n<\/p>\n\n<p>Evenimentul reflect\u0103 dezvoltarea sus\u021binut\u0103 a cercet\u0103rii \u0219i educa\u021biei \u00een domeniile matematicii \u0219i informaticii \u00een cadrul Universit\u0103\u021bii de Stat din Moldova \u0219i ofer\u0103 un cadru pentru prezentarea \u0219i discutarea rezultatelor recente ale cecet\u0103rii, precum \u0219i a direc\u021biilor actuale \u00een aceste domenii.\n<\/p> \n\n<p>\n\u00cen cadrul evenimentului vor fi organizate urm\u0103toarele \n<\/p>\n\n<\/div>\n<\/h2>\t\t\t\t<\/div>\n\t\t\t\t<\/div>\n\t\t\t\t\t<\/div>\n\t\t\t\t<\/div>\n\t\t<div class=\"elementor-element elementor-element-18d6ffc e-flex e-con-boxed e-con e-parent\" data-id=\"18d6ffc\" data-element_type=\"container\" data-e-type=\"container\">\n\t\t\t\t\t<div class=\"e-con-inner\">\n\t\t\t\t<div class=\"elementor-element elementor-element-d97a3d0 elementor-widget elementor-widget-heading\" data-id=\"d97a3d0\" data-element_type=\"widget\" data-e-type=\"widget\" data-widget_type=\"heading.default\">\n\t\t\t\t<div class=\"elementor-widget-container\">\n\t\t\t\t\t<h2 class=\"elementor-heading-title elementor-size-default\">WORKSHOP-URI \u0218TIIN\u021aIFICE<\/h2>\t\t\t\t<\/div>\n\t\t\t\t<\/div>\n\t\t\t\t\t<\/div>\n\t\t\t\t<\/div>\n\t\t<div class=\"elementor-element elementor-element-02c2aa7 e-flex e-con-boxed e-con e-parent\" data-id=\"02c2aa7\" data-element_type=\"container\" data-e-type=\"container\">\n\t\t\t\t\t<div class=\"e-con-inner\">\n\t\t<div class=\"elementor-element elementor-element-b9d997f e-con-full e-flex e-con e-child\" data-id=\"b9d997f\" data-element_type=\"container\" data-e-type=\"container\">\n\t\t\t\t<div class=\"elementor-element elementor-element-8006d53 elementor-widget elementor-widget-image\" data-id=\"8006d53\" data-element_type=\"widget\" data-e-type=\"widget\" data-widget_type=\"image.default\">\n\t\t\t\t<div class=\"elementor-widget-container\">\n\t\t\t\t\t\t\t\t\t\t\t\t\t\t\t<img fetchpriority=\"high\" decoding=\"async\" width=\"1024\" height=\"683\" src=\"https:\/\/mathdays.usm.md\/wp-content\/uploads\/2026\/05\/pexels-ian-panelo-4494641-1024x683.jpg\" class=\"attachment-large size-large wp-image-49\" alt=\"\" \/>\t\t\t\t\t\t\t\t\t\t\t\t\t\t\t<\/div>\n\t\t\t\t<\/div>\n\t\t\t\t<div class=\"elementor-element elementor-element-e9eca2b elementor-widget elementor-widget-heading\" data-id=\"e9eca2b\" data-element_type=\"widget\" data-e-type=\"widget\" data-widget_type=\"heading.default\">\n\t\t\t\t<div class=\"elementor-widget-container\">\n\t\t\t\t\t<h3 class=\"elementor-heading-title elementor-size-default\">Logic\u0103 matematic\u0103, algebr\u0103 \u0219i geometrie:<\/h3>\t\t\t\t<\/div>\n\t\t\t\t<\/div>\n\t\t\t\t<div class=\"elementor-element elementor-element-105e150 elementor-widget elementor-widget-heading\" data-id=\"105e150\" data-element_type=\"widget\" data-e-type=\"widget\" data-widget_type=\"heading.default\">\n\t\t\t\t<div class=\"elementor-widget-container\">\n\t\t\t\t\t<p class=\"elementor-heading-title elementor-size-default\">\n24\u201325 august 2026<\/p>\t\t\t\t<\/div>\n\t\t\t\t<\/div>\n\t\t\t\t<div class=\"elementor-element elementor-element-dab75fc elementor-widget elementor-widget-heading\" data-id=\"dab75fc\" data-element_type=\"widget\" data-e-type=\"widget\" data-widget_type=\"heading.default\">\n\t\t\t\t<div class=\"elementor-widget-container\">\n\t\t\t\t\t<h4 class=\"elementor-heading-title elementor-size-default\">COMITETUL \u0218TIIN\u021aIFIC<\/h4>\t\t\t\t<\/div>\n\t\t\t\t<\/div>\n\t\t\t\t<div class=\"elementor-element elementor-element-b8ebf40 elementor-widget elementor-widget-heading\" data-id=\"b8ebf40\" data-element_type=\"widget\" data-e-type=\"widget\" data-widget_type=\"heading.default\">\n\t\t\t\t<div class=\"elementor-widget-container\">\n\t\t\t\t\t<p class=\"elementor-heading-title elementor-size-default\"><ul style=\"text-align:left;color: #050055\">\n    <li><\/li>\n<\/ul>\n<\/p>\t\t\t\t<\/div>\n\t\t\t\t<\/div>\n\t\t\t\t<\/div>\n\t\t<div class=\"elementor-element elementor-element-2970200 e-con-full e-flex e-con e-child\" data-id=\"2970200\" data-element_type=\"container\" data-e-type=\"container\">\n\t\t\t\t<div class=\"elementor-element elementor-element-b4c52dc elementor-widget elementor-widget-image\" data-id=\"b4c52dc\" data-element_type=\"widget\" data-e-type=\"widget\" data-widget_type=\"image.default\">\n\t\t\t\t<div class=\"elementor-widget-container\">\n\t\t\t\t\t\t\t\t\t\t\t\t\t\t\t<img decoding=\"async\" width=\"1024\" height=\"683\" src=\"https:\/\/mathdays.usm.md\/wp-content\/uploads\/2026\/05\/pexels-gabby-k-6238297-1024x683.jpg\" class=\"attachment-large size-large wp-image-53\" alt=\"\" \/>\t\t\t\t\t\t\t\t\t\t\t\t\t\t\t<\/div>\n\t\t\t\t<\/div>\n\t\t\t\t<div class=\"elementor-element elementor-element-f5a03ff elementor-widget elementor-widget-heading\" data-id=\"f5a03ff\" data-element_type=\"widget\" data-e-type=\"widget\" data-widget_type=\"heading.default\">\n\t\t\t\t<div class=\"elementor-widget-container\">\n\t\t\t\t\t<h3 class=\"elementor-heading-title elementor-size-default\">Ecua\u021bii diferen\u021biale \u0219i cercet\u0103ri opera\u021bionale:<\/h3>\t\t\t\t<\/div>\n\t\t\t\t<\/div>\n\t\t\t\t<div class=\"elementor-element elementor-element-a9e7cf3 elementor-widget elementor-widget-heading\" data-id=\"a9e7cf3\" data-element_type=\"widget\" data-e-type=\"widget\" data-widget_type=\"heading.default\">\n\t\t\t\t<div class=\"elementor-widget-container\">\n\t\t\t\t\t<p class=\"elementor-heading-title elementor-size-default\">\n24\u201325 august 2026<\/p>\t\t\t\t<\/div>\n\t\t\t\t<\/div>\n\t\t\t\t<div class=\"elementor-element elementor-element-3fe27af elementor-widget elementor-widget-heading\" data-id=\"3fe27af\" data-element_type=\"widget\" data-e-type=\"widget\" data-widget_type=\"heading.default\">\n\t\t\t\t<div class=\"elementor-widget-container\">\n\t\t\t\t\t<h4 class=\"elementor-heading-title elementor-size-default\">COMITETUL \u0218TIIN\u021aIFIC<\/h4>\t\t\t\t<\/div>\n\t\t\t\t<\/div>\n\t\t\t\t<div class=\"elementor-element elementor-element-cc32351 elementor-widget elementor-widget-heading\" data-id=\"cc32351\" data-element_type=\"widget\" data-e-type=\"widget\" data-widget_type=\"heading.default\">\n\t\t\t\t<div class=\"elementor-widget-container\">\n\t\t\t\t\t<p class=\"elementor-heading-title elementor-size-default\"><ul style=\"text-align:left;color: #050055\">\n    <li>Art\u00e9s Joan Carles Ferragud (Barcelona, Spania)<\/li>\n    <li>Cialenco Igor (Chicago, SUA)<\/li>\n    <li>Cozma Dumitru (Chi\u0219in\u0103u, RM)<\/li>\n    <li>Glavan Vasile (Chi\u0219in\u0103u, RM)<\/li>\n    <li>Gu\u021bu Valeriu (Chi\u0219in\u0103u, RM)<\/li>\n    <li>H\u00e2ncu Boris (Chi\u0219in\u0103u, RM)<\/li>\n    <li>Lozovanu Dmitrii (Chi\u0219in\u0103u, RM)<\/li>\n    <li>Niculi\u021b\u0103 Angela (Chi\u0219in\u0103u, RM)<\/li>\n    <li>Perjan Andrei (Chi\u0219in\u0103u, RM)<\/li>\n    <li>Popa Mihail (Chi\u0219in\u0103u, RM)<\/li>\n    <li>Rezende Alex Carlucci (S\u00e3o Carlos, Brazilia)<\/li>\n    <li>Stetsyuk Petro (Kyiv, Ucraina)<\/li>\n    <li>Stratila Dan (Chi\u0219in\u0103u, RM)<\/li>\n    <li>Vulpe Nicolae (Chi\u0219in\u0103u, RM)<\/li>\n    <li>Zelikovsky Alexander (Atlanta, SUA)<\/li>\n<\/ul><\/p>\t\t\t\t<\/div>\n\t\t\t\t<\/div>\n\t\t\t\t<\/div>\n\t\t<div class=\"elementor-element elementor-element-e88295a e-con-full e-flex e-con e-child\" data-id=\"e88295a\" data-element_type=\"container\" data-e-type=\"container\">\n\t\t\t\t<div class=\"elementor-element elementor-element-99bb1c5 elementor-widget elementor-widget-image\" data-id=\"99bb1c5\" data-element_type=\"widget\" data-e-type=\"widget\" data-widget_type=\"image.default\">\n\t\t\t\t<div class=\"elementor-widget-container\">\n\t\t\t\t\t\t\t\t\t\t\t\t\t\t\t<img decoding=\"async\" width=\"1024\" height=\"683\" src=\"https:\/\/mathdays.usm.md\/wp-content\/uploads\/2026\/05\/pexels-markusspiske-2004161-1024x683.jpg\" class=\"attachment-large size-large wp-image-41\" alt=\"\" \/>\t\t\t\t\t\t\t\t\t\t\t\t\t\t\t<\/div>\n\t\t\t\t<\/div>\n\t\t\t\t<div class=\"elementor-element elementor-element-eaf4b67 elementor-widget elementor-widget-heading\" data-id=\"eaf4b67\" data-element_type=\"widget\" data-e-type=\"widget\" data-widget_type=\"heading.default\">\n\t\t\t\t<div class=\"elementor-widget-container\">\n\t\t\t\t\t<h3 class=\"elementor-heading-title elementor-size-default\">Informatic\u0103 \u0219i Inteligen\u021b\u0103 Artificial\u0103:<\/h3>\t\t\t\t<\/div>\n\t\t\t\t<\/div>\n\t\t\t\t<div class=\"elementor-element elementor-element-914433f elementor-widget elementor-widget-heading\" data-id=\"914433f\" data-element_type=\"widget\" data-e-type=\"widget\" data-widget_type=\"heading.default\">\n\t\t\t\t<div class=\"elementor-widget-container\">\n\t\t\t\t\t<p class=\"elementor-heading-title elementor-size-default\">\n24\u201325 august 2026<\/p>\t\t\t\t<\/div>\n\t\t\t\t<\/div>\n\t\t\t\t<div class=\"elementor-element elementor-element-52c9a1a elementor-widget elementor-widget-heading\" data-id=\"52c9a1a\" data-element_type=\"widget\" data-e-type=\"widget\" data-widget_type=\"heading.default\">\n\t\t\t\t<div class=\"elementor-widget-container\">\n\t\t\t\t\t<h4 class=\"elementor-heading-title elementor-size-default\">COMITETUL \u0218TIIN\u021aIFIC<\/h4>\t\t\t\t<\/div>\n\t\t\t\t<\/div>\n\t\t\t\t<div class=\"elementor-element elementor-element-ecdd08d elementor-widget elementor-widget-heading\" data-id=\"ecdd08d\" data-element_type=\"widget\" data-e-type=\"widget\" data-widget_type=\"heading.default\">\n\t\t\t\t<div class=\"elementor-widget-container\">\n\t\t\t\t\t<p class=\"elementor-heading-title elementor-size-default\"><ul style=\"text-align:left;color: #050055\">\n    <li>Tudor Bragaru (Chi\u0219in\u0103u, RM)<\/li>\n    <li>Titu Capcelea (Chi\u0219in\u0103u, RM)<\/li>\n    <li>Maria Capcelea (Chi\u0219in\u0103u, RM)<\/li>\n    <li>Olga Cerbu (Chi\u0219in\u0103u, RM)<\/li>\n    <li>Mihail Croitor (Chi\u0219in\u0103u, RM)<\/li>\n    <li>Elena Cuzne\u021bov (Chi\u0219in\u0103u, RM)<\/li>\n    <li>Gheorghe Latul (Chi\u0219in\u0103u, RM)<\/li>\n    <li>Dan Lefter (Chi\u0219in\u0103u, RM)<\/li>\n    <li>Nichita Nartea (Chi\u0219in\u0103u, RM)<\/li>\n    <li>Liuda Novac (Chi\u0219in\u0103u, RM)<\/li>\n<\/ul>\n<\/p>\t\t\t\t<\/div>\n\t\t\t\t<\/div>\n\t\t\t\t<\/div>\n\t\t\t\t\t<\/div>\n\t\t\t\t<\/div>\n\t\t\t\t<\/div>\n\t\t","protected":false},"excerpt":{"rendered":"","protected":false},"author":1,"featured_media":0,"parent":0,"menu_order":0,"comment_status":"closed","ping_status":"closed","template":"page-templates\/homepage.php","meta":{"footnotes":""},"class_list":["post-6","page","type-page","status-publish","hentry"],"rttpg_featured_image_url":null,"rttpg_author":{"display_name":"mat1d@ys","author_link":"https:\/\/mathdays.usm.md\/index.php\/author\/mat1dys\/"},"rttpg_comment":0,"rttpg_category":null,"rttpg_excerpt":null,"_links":{"self":[{"href":"https:\/\/mathdays.usm.md\/index.php\/wp-json\/wp\/v2\/pages\/6","targetHints":{"allow":["GET"]}}],"collection":[{"href":"https:\/\/mathdays.usm.md\/index.php\/wp-json\/wp\/v2\/pages"}],"about":[{"href":"https:\/\/mathdays.usm.md\/index.php\/wp-json\/wp\/v2\/types\/page"}],"author":[{"embeddable":true,"href":"https:\/\/mathdays.usm.md\/index.php\/wp-json\/wp\/v2\/users\/1"}],"replies":[{"embeddable":true,"href":"https:\/\/mathdays.usm.md\/index.php\/wp-json\/wp\/v2\/comments?post=6"}],"version-history":[{"count":35,"href":"https:\/\/mathdays.usm.md\/index.php\/wp-json\/wp\/v2\/pages\/6\/revisions"}],"predecessor-version":[{"id":89,"href":"https:\/\/mathdays.usm.md\/index.php\/wp-json\/wp\/v2\/pages\/6\/revisions\/89"}],"wp:attachment":[{"href":"https:\/\/mathdays.usm.md\/index.php\/wp-json\/wp\/v2\/media?parent=6"}],"curies":[{"name":"wp","href":"https:\/\/api.w.org\/{rel}","templated":true}]}}